 a = -25, -19 = -q + 5*a. Let o(p) = -3*p + p**3 + 1 + 7*p**2 + 8*p - 2. What is the units digit of o(q)?
5
Let s be 11/4 - (-3)/12. Suppose -s*g + 26 = -4. What is the units digit of g?
0
Let b = -30 - -81. Suppose b = 5*j + 3*z, 2*j + 4*z = j + 17. Suppose 3*r = -t + 9, -j = -5*t + 4*r - r. What is the units digit of t?
3
Let p = 262 - 91. What is the units digit of p?
1
Let x = 8 - -6. Suppose -x + 6 = -4*s. Suppose i = -s*i + 12. What is the units digit of i?
4
Let l be 310/110 + (-2)/(-11). Suppose -l*p - z + 143 = 0, 5*p + 0*p + z = 241. What is the units digit of p?
9
What is the units digit of (-4)/18 - 548/(-36)?
5
Let a = -9 + 6. What is the units digit of 1/a - (-56)/6?
9
Let v(q) = 3*q - 4*q**2 - 7 + 4*q + 6*q**2 - 3*q. What is the tens digit of v(-5)?
2
Let s(h) = -6*h. Let v be s(5). What is the units digit of -6*5/(v/8)?
8
Let u = 80 + -12. What is the tens digit of u?
6
Let l be -3 + 1 + 10*2. Let r = 5 + l. What is the units digit of r?
3
Let i(n) = -n**2 - 8*n. Let m = 0 + 3. Suppose -4*l - 3*p - 40 = 0, 0 = 3*l + m*p + 2 + 31. What is the units digit of i(l)?
7
Let w(q) = q**3 + 6*q**2 + 6*q + 8. Let x be w(-5). Suppose f - x*k - 45 = 0, 5*f - k = k + 199. What is the units digit of f?
9
Suppose 0*b + 3*b = 120. What is the tens digit of b?
4
What is the units digit of (-145 - 0)*80/(-100)?
6
Suppose -2*y + 2*a + 9 = -21, 0 = 3*y + 5*a - 69. Let r(d) = d**2 - d - 7. Let f be r(5). Let o = y - f. What is the units digit of o?
5
Let m(h) = -h. Suppose -9 = -c + 4*c. Let s be m(c). Suppose 0 = s*p - 11 - 13. What is the units digit of p?
8
Let v = 5 + -7. Let f be (-6)/v - (-1)/1. Suppose -2*o - f + 26 = 0. What is the tens digit of o?
1
Let n = 4 + -1. Suppose -2*m - i + 20 = 0, n*m + 9 - 29 = -4*i. What is the tens digit of m?
1
Let w(l) be the second derivative of -l**3/3 + 2*l**2 - l. What is the units digit of w(0)?
4
Let d = -2 - -2. What is the units digit of 2*(d + 1/2)?
1
Let q(y) = -y - 2. Let u be q(-2). Let b = 3 + u. Suppose 5*z - 2 = b. What is the units digit of z?
1
Let g = -1 - -6. Let q = 33 + -17. Suppose g*n = n + q. What is the units digit of n?
4
Let r be 9/3 + -1 + -6. Let b(c) = 3*c**2 + 3*c + 5. Let a be b(r). Suppose -m + 5*w = 3*w + 6, 5*w = -4*m + a. What is the units digit of m?
4
Suppose 0 = -5*h - 15, -40 = -5*a - 0*a + 5*h. What is the units digit of a?
5
Let b be 1*(-2)/5*10. Let a = -1 - b. Suppose 0 = 2*k + 4*c + 4, c = -a*k - k + 6. What is the units digit of k?
2
Suppose -6 = 5*a + 4*o - 22, 5*o - 11 = -4*a. Suppose -a*z = -13 + 5. What is the units digit of z?
2
Suppose m = -m - 100. Let s = -20 - m. What is the tens digit of (-3)/(1*(-9)/s)?
1
Let a = 54 + -23. What is the tens digit of a?
3
Let c(m) = m**2 - 22*m + 41. Let b be c(21). Let r(t) = -t**3 - 6*t**2 + t - 6. Let u be r(-6). Let a = u + b. What is the units digit of a?
8
Let w = -1 - -3. Let p = w + 0. Suppose 3*n - 20 = -p. What is the units digit of n?
6
What is the units digit of 214*((-12)/(-28) + (-3)/(-42))?
7
Let f = 121 - 80. Suppose -4*d + 9 = f. What is the units digit of (-50)/d - 2/8?
6
Suppose -2*x - 4 + 1 = -y, y + 25 = -5*x. Let o(j) be the third derivative of -j**5/60 - j**4/8 + 5*j**3/6 + 6*j**2. What is the units digit of o(x)?
1
Suppose -h = -7*h + 318. What is the tens digit of h?
5
Let a(i) be the second derivative of i**5/20 - 7*i**4/12 + 7*i**3/6 + 3*i**2 - 2*i. What is the units digit of a(6)?
2
Suppose 2*a + 34 = 10. Let b(x) = -x**3 + 6*x**2 + 4*x - 3. Let h be b(6). Let f = a + h. What is the units digit of f?
9
Let p(c) = -c**3 + 6*c**2 - 4*c - 3. Let y be p(5). Suppose -y*f + 6*f - 4*k - 48 = 0, -5*k = -3*f + 32. What is the units digit of f?
4
Suppose -h = 4*h - 670. Let a be (-3 + h - 1)/2. Suppose -8*z = -3*z - a. What is the tens digit of z?
1
Let g(p) = 6*p**3 - 2*p + 1. Let q be g(1). Suppose -21 = -q*z + 34. What is the tens digit of z?
1
Let x(n) be the second derivative of -n**3/2 - 7*n**2/2 + 4*n. What is the tens digit of x(-6)?
1
Let j be ((-50)/8)/((-3)/36). Let n = -37 + j. Suppose -4*l - z + n = 0, 0*z = -l - 2*z + 13. What is the units digit of l?
9
Suppose 0*z + 39 = 2*z + b, 0 = -4*z + 3*b + 83. Suppose -7*l + z = -3*l. What is the units digit of l?
5
Suppose 0 = 4*q - 65 - 7. Suppose 0 = -5*j + 2*u + 54, j - 7*u = -3*u + q. What is the tens digit of j?
1
Suppose d - 10 = -2*n, 0 = -5*d - 2*n - 37 + 119. Let v be 148/d + (-8)/36. What is the units digit of 46/6 - v/12?
7
Let l(a) = -a**2 - 8*a + 6. Let u be l(-9). What is the units digit of -24*(u + (-10)/(-4))?
2
Let a = -323 + 565. What is the units digit of a?
2
Suppose -5*t + 0*t + r + 27 = 0, -5*r = 2*t - 27. What is the units digit of t?
6
Let r(q) = 0*q + 4*q - 6*q - 1. Suppose 4*p + 4 = -4. What is the units digit of r(p)?
3
Let m = -3 - -130. What is the hundreds digit of m?
1
Let d(z) = 0*z**2 - 3*z + 8*z + 6 + 0*z**2 + z**2. Let l be 2/(-3) + (-30)/9. What is the units digit of d(l)?
2
Suppose -2*h - 5*k - 20 = 0, -5*h + 12 = -0*k - 3*k. Suppose h = -3*b - 3. Let y = b + 7. What is the units digit of y?
6
Suppose 120 = -5*j + 8*j. What is the tens digit of j?
4
Let p(m) = m**2 - 1. Let b be p(1). Suppose 2*y + 0*y - 8 = b. Suppose 6*d - 2*d = 5*v + y, -4*d - 2*v = -4. What is the units digit of d?
1
Let g be -1*(-1 + 3) + -2. Let k(r) = r**2 - r - 2. What is the units digit of k(g)?
8
Let m(p) = -2*p + 39. What is the units digit of m(-9)?
7
Let c = -14 + 8. Let l be ((-6)/2)/(6/(-28)). What is the units digit of 6 + c + (l - 0)?
4
Let v be (2 - -1)/((-2)/(-4)). Suppose 0 = -6*f + f - 20, 3*f = -3*c - v. What is the units digit of c?
2
Let n(k) = -2*k - 3. Let l be n(-2). What is the units digit of (2 + -1)/(l/9)?
9
Let t(v) = v + 4. Let p be t(-3). What is the units digit of p + (-3)/(-1) + -3?
1
Suppose -d + 5*g + 49 = g, -170 = -5*d + 5*g. Suppose 3*w = m + 35, w - 2*m = 4*w - d. What is the tens digit of w?
1
Let q(x) = x**2 - 2*x - 1. Let d(v) = v**3 + 3*v**2 + 3. Let b be d(-3). What is the units digit of q(b)?
2
Suppose 2*v = 4*v - 92. What is the tens digit of v?
4
Suppose 5*k = 8 - 23. Let w be 1/(2/4*1). Let l = w - k. What is the units digit of l?
5
Suppose 3*o - 45 = -0. What is the tens digit of o?
1
What is the tens digit of (-230)/(-15) + 4/6?
1
Let p(d) = 40*d - 8. What is the units digit of p(2)?
2
Let t(j) = j**3 - 3*j**2 - 5*j + 5. Let d be t(4). What is the tens digit of ((-74)/(-4)*2)/d?
3
Let q = 1 + 8. Suppose -12 = r + 2*r. What is the units digit of (6/r)/(q/(-48))?
8
Let f be 7/(-7)*3*-1. Suppose 0 = -0*c - f*c - 5*l + 67, 85 = 5*c + 3*l. What is the units digit of c?
4
Suppose 3*u - 47 = 112. What is the units digit of u?
3
What is the units digit of (17/(-2))/((-4)/8)?
7
What is the tens digit of (-4)/((-12)/813)*1?
7
Let p(a) = -7*a - 22. What is the tens digit of p(-7)?
2
Let r = 3 + -3. Let m be 1 + 1/2*r. What is the units digit of 6/3*1 + m?
3
Let c(l) = l**2 + 5*l + 5. Let b be c(-4). Let v(h) = h. Let k(t) = -8*t. Let y(m) = b*v(m) + k(m). What is the units digit of y(-1)?
7
Suppose -11*w + 6*w = -10. Let t = w - -14. What is the units digit of t?
6
Suppose -3*w - 3*k - k - 3 = 0, 3*k + 9 = 0. What is the units digit of w?
3
Let p(h) = -h - 5. Suppose b = 4*b + 27. Let k be p(b). Suppose -k*q + 32 = -2*q. What is the units digit of q?
6
Let w(z) = -3*z + 9. What is the units digit of w(-8)?
3
Suppose -4*m = 3*l - 3, l - 4*m = -5*m. What is the units digit of 3 + l/6*0?
3
Suppose -3*k + 3*o + 21 = k, -k - o + 7 = 0. Suppose 2*m = 4*m - k. Suppose 0 = q + 2*b - 3*b - 8, -18 = -q + m*b. What is the units digit of q?
3
Let k = 116 - 79. What is the tens digit of k?
3
Let i(m) = m - 2. Let z be i(-5). Let h = z - -16. What is the units digit of h?
9
Let l(d) be the third derivative of -d**4/2 - d**3/3 - d**2. Let g be l(-2). What is the units digit of g/8 - 1/(-4)?
3
Let s = -43 + 79. Suppose 2*y - s + 224 = 0. What is the units digit of y/(-10) - 3/(-5)?
0
Let c be 62/(-22) - 6/33. Let d = c - -10. What is the units digit of 88/14 + (-2)/d?
6
Suppose -2*k - 5 - 13 = 0. Let q = 5 + k. Let u = 5 + q. What is the units digit of u?
1
Suppose f - 5 = -3. Suppose 2*u - 3 = -5*d, d - f - 1 = -u. What is the units digit of u?
4
Let g(a) = -a**3 - 13*a**2 - 10*a + 19. What is the tens digit of g